{"id":149,"date":"2019-04-23T10:39:59","date_gmt":"2019-04-23T10:39:59","guid":{"rendered":"http:\/\/www.siqubus.rwth-aachen.de\/?page_id=149"},"modified":"2022-09-14T10:56:47","modified_gmt":"2022-09-14T10:56:47","slug":"wofur-ist-ein-si-qubus-gut","status":"publish","type":"page","link":"https:\/\/www.siqubus.rwth-aachen.de\/?page_id=149&lang=de","title":{"rendered":"Wof\u00fcr ist ein Si-QuBus gut?"},"content":{"rendered":"\n<p>Quantencomputer versprechen mit Schl\u00fcsselkonzepten der Quantenmechanik wie \u00dcberlagerung und Verschr\u00e4nkung Probleme zu l\u00f6sen, die f\u00fcr alle klassischen Computer unl\u00f6sbar sind. Um einen realistischen Quantencomputer zu betreiben, muss die Quanteninformation in mehrere der kleinsten physikalischen Quanteninformationselemente, die Qubits, kodiert werden. Ein realistischer Quantencomputer ben\u00f6tigt also Millionen von Qubits und muss eine skalierbare Architektur haben. Der Spin eines einzelnen Elektrons kann ein Qubit kodieren. Wir haben gelernt, wie man ein einzelnes Elektron im Silizium f\u00e4ngt, wie man seinen Spin pr\u00e4zise manipuliert, es in eine \u00dcberlagerung setzt und mit einem anderen Qubit verschr\u00e4nkt. Bisher wurden diese Funktionalit\u00e4ten in Ger\u00e4ten demonstriert, die nicht mehr als nur zwei Qubits bereitstellen.<\/p>\n\n\n\n<p>Klassische Computerchips bestehen aus Silizium, das auf der gleichen Technologie wie die Elektronenfallen basiert und sich als hoch skalierbar f\u00fcr eine gro\u00dfe Industrie erwiesen hat. Dennoch k\u00f6nnen wir einen Quantenchip nicht so einfach skalieren, da die Qubits und damit die Elektronen sehr nahe beieinander liegen m\u00fcssen, um interagieren zu k\u00f6nnen. F\u00fcr eine skalierbare Architektur ben\u00f6tigen wir Platz auf dem Quantenchip f\u00fcr die erforderlichen elektrischen Verbindungen oder f\u00fcr die Einbettung von Quantenchipelementen mit klassischer Siliziumelektronik.<\/p>\n\n\n\n<p>Unsere Idee ist ein neues Funktionselement, der Quantenbus (QuBus), der ein einzelnes Elektron und damit die Quanteninformation \u00fcber eine Entfernung von etwa 10 Mikron bewegt. Der QuBus erzeugt den Raum, den wir f\u00fcr den Entwurf einer skalierbaren Quantencomputerarchitektur ben\u00f6tigen. Es ist kompatibel mit der industriellen Fertigung und wir profitieren von Industriepartnern wie LETI, STMicroelectronics und Intel innerhalb des Konsortiums. Am Ende des Projekts zielen wir auf die Demonstration der Quantenteleportation \u00fcber einen QuBus und untersuchen die Verzweigung eines QuBus, um den Aufbau zweidimensionaler fehlertoleranter Netzwerke von interagierenden Qubits auf einem Chip zu erm\u00f6glichen. <\/p>\n\n\n\n<p><\/p>\n\n\n\n<div class=\"wp-block-image\"><figure class=\"aligncenter is-resized\"><img loading=\"lazy\" decoding=\"async\" src=\"https:\/\/www.siqubus.rwth-aachen.de\/wp-content\/uploads\/2019\/04\/QuBus_Schematic.jpg\" alt=\"\" class=\"wp-image-158\" width=\"521\" height=\"340\" srcset=\"https:\/\/www.siqubus.rwth-aachen.de\/wp-content\/uploads\/2019\/04\/QuBus_Schematic.jpg 521w, https:\/\/www.siqubus.rwth-aachen.de\/wp-content\/uploads\/2019\/04\/QuBus_Schematic-300x196.jpg 300w\" sizes=\"auto, (max-width: 521px) 100vw, 521px\" \/><figcaption>Schematische Darstellung eines QuBus. Ein Quantenpunkt wird in einem Si-Quantenschacht durch mehrschichtige metallische Oberfl\u00e4chengatter gebildet. Durch das Pulsieren der Spannungen zu diesen Gates wird der Quantenpunkt, der ein einzelnes Elektron tr\u00e4gt, \u00fcber einen elektrostatisch gebildeten eindimensionalen Kanal geleitet. Single Electron Transistoren (SET) k\u00f6nnen ein einzelnes Elektron und seinen Spin-Zustand an den Enden des QuBus erkennen.<\/figcaption><\/figure><\/div>\n\n\n\n<p>Further reading on this topic:<br><a href=\"https:\/\/www.nature.com\/articles\/s41534-017-0038-y\">Interfacing spin qubits in quantum dots and donors\u2014hot, dense, and coherent<\/a><\/p>\n\n\n\n<figure class=\"wp-block-embed is-type-video is-provider-youtube wp-block-embed-youtube wp-embed-aspect-16-9 wp-has-aspect-ratio\"><div class=\"wp-block-embed__wrapper\">\n<iframe loading=\"lazy\" title=\"quantera si qubus\" width=\"625\" height=\"352\" src=\"https:\/\/www.youtube.com\/embed\/u2NuYDeW9t4?feature=oembed\" frameborder=\"0\" allow=\"accelerometer; autoplay; clipboard-write; encrypted-media; gyroscope; picture-in-picture; web-share\" referrerpolicy=\"strict-origin-when-cross-origin\" allowfullscreen><\/iframe>\n<\/div><\/figure>\n","protected":false},"excerpt":{"rendered":"<p>Quantencomputer versprechen mit Schl\u00fcsselkonzepten der Quantenmechanik wie \u00dcberlagerung und Verschr\u00e4nkung Probleme zu l\u00f6sen, die f\u00fcr alle klassischen Computer unl\u00f6sbar sind. Um einen realistischen Quantencomputer zu betreiben, muss die Quanteninformation in mehrere der kleinsten physikalischen Quanteninformationselemente, die Qubits, kodiert werden. Ein realistischer Quantencomputer ben\u00f6tigt also Millionen von Qubits und muss eine skalierbare Architektur haben. Der Spin [&hellip;]<\/p>\n","protected":false},"author":1,"featured_media":0,"parent":0,"menu_order":0,"comment_status":"closed","ping_status":"closed","template":"","meta":{"footnotes":""},"class_list":["post-149","page","type-page","status-publish","hentry"],"_links":{"self":[{"href":"https:\/\/www.siqubus.rwth-aachen.de\/index.php?rest_route=\/wp\/v2\/pages\/149","targetHints":{"allow":["GET"]}}],"collection":[{"href":"https:\/\/www.siqubus.rwth-aachen.de\/index.php?rest_route=\/wp\/v2\/pages"}],"about":[{"href":"https:\/\/www.siqubus.rwth-aachen.de\/index.php?rest_route=\/wp\/v2\/types\/page"}],"author":[{"embeddable":true,"href":"https:\/\/www.siqubus.rwth-aachen.de\/index.php?rest_route=\/wp\/v2\/users\/1"}],"replies":[{"embeddable":true,"href":"https:\/\/www.siqubus.rwth-aachen.de\/index.php?rest_route=%2Fwp%2Fv2%2Fcomments&post=149"}],"version-history":[{"count":13,"href":"https:\/\/www.siqubus.rwth-aachen.de\/index.php?rest_route=\/wp\/v2\/pages\/149\/revisions"}],"predecessor-version":[{"id":340,"href":"https:\/\/www.siqubus.rwth-aachen.de\/index.php?rest_route=\/wp\/v2\/pages\/149\/revisions\/340"}],"wp:attachment":[{"href":"https:\/\/www.siqubus.rwth-aachen.de\/index.php?rest_route=%2Fwp%2Fv2%2Fmedia&parent=149"}],"curies":[{"name":"wp","href":"https:\/\/api.w.org\/{rel}","templated":true}]}}